 7. Let y = 17 - 14. Let m be j(y). Let f = m + -28. Calculate the highest common divisor of f and 15.
15
Let b = -49 - -51. Let t(l) = -l + 9. Let q be t(5). Suppose 2*d - b*x - 170 = 0, -q*d = 2*x - x - 365. What is the greatest common factor of d and 10?
10
Let t = 28 + -8. Let h be (5/t)/((-1)/(-20)). Suppose -3*k + u + 14 = 2*u, -h*u + 10 = 0. Calculate the greatest common divisor of k and 2.
2
Suppose 3*p - 15 = 63. Let a = -17 + 30. Calculate the highest common factor of p and a.
13
Suppose 4933 = 17*t - 10622. What is the greatest common divisor of 60 and t?
15
Suppose -2013 = 49*j - 82*j. What is the highest common divisor of 122 and j?
61
Let n be 2 + (-24)/11 - 4671/(-99). Suppose -23 - n = -5*s. Calculate the highest common factor of 14 and s.
14
Suppose -38*t = -666 - 702. Calculate the greatest common factor of t and 8.
4
Suppose 0*c + 5*c = -220. Let h = c + 68. Calculate the greatest common divisor of h and 36.
12
Suppose b - 3 = 1. Suppose -49*x - 3*c = -45*x - 96, -c = 0. Let y = x - b. What is the highest common factor of 80 and y?
20
Let j = -3 + 17. Suppose -2*q + 22 = -24. Let r = q - j. What is the greatest common factor of r and 18?
9
Let n(t) = 5*t**2 - t**2 + 2*t**2 + 2 + 0 - 3*t. Let d be n(1). What is the greatest common factor of 5 and d?
5
Let i be (-4 + 9 - 1) + 271. Calculate the greatest common divisor of i and 165.
55
Suppose -8*k = 5*k - 14144. What is the highest common divisor of 64 and k?
64
Suppose 4*q = -20, 84 = 5*c + 3*q - 21. Suppose 9*a - 13*a + c = 0. Let i be 12/15*105/a. Calculate the highest common divisor of 98 and i.
14
Let y(t) = -t**3 - 3*t**2 - 4*t - 2. Let a be y(-3). Let q be (16/6)/(a/15). Calculate the highest common factor of 2 and q.
2
Let c(i) = -i**2 - 8*i + 52. Let d be 6 - (-1 - -3) - 1 - 15. Let l be c(d). Calculate the highest common divisor of l and 12.
4
Suppose -2*q - 2*b + 16 = 0, -7*q - b + 24 = -2*q. What is the greatest common divisor of q and 20?
4
Let n(y) = 21*y**2 - 6. Suppose 3*l = 12 + 3. Let r be n(l). Suppose 2*x + 3*x = -3*k + r, x = 4*k - 669. What is the greatest common divisor of 21 and k?
21
Let s(x) = -x + 156. Let n be s(0). Suppose -4*p + 228 = -n. Let y be (-4)/10 + 124/10. What is the highest common factor of y and p?
12
Let x = -23 - -23. Suppose -2*d + 6*d - 156 = x. Suppose 0 = -4*o - 17 + 69. What is the highest common factor of d and o?
13
Suppose 12 = -0*k + 3*k. Suppose -6*a + 102 = k*u - 3*a, a = -u + 26. Calculate the highest common divisor of u and 84.
12
Let a(p) = -p**2 + 12*p - 6. Let k be a(6). Suppose -5*g + 2*g = 6. Let s be 15*(g/(-8))/(3/8). What is the greatest common factor of s and k?
10
Let u = -30 - -35. Suppose 67 = u*d - 113. Calculate the highest common factor of 2 and d.
2
Suppose -5053 = -27*k - 679. What is the highest common divisor of k and 306?
18
Let i be ((-120)/16)/((-2)/(-40)). Let x be 27/(-5*(-5)/(i/(-9))). What is the greatest common divisor of x and 12?
6
Suppose 0 = -2*m - 2*m - 380. Let h = m - -60. Let i = h + 55. Calculate the highest common divisor of 10 and i.
10
Suppose -3*x = -9 - 3. Suppose 3*y + 4 = 5*r, y + 0*r + r = x. Let w be 8/y*(0 - -1). Calculate the highest common divisor of w and 6.
2
Let q be 2/((-25)/(-12) - 2). Let z = 1303 - 1255. Calculate the highest common factor of q and z.
24
Let o = -56 + 59. Calculate the highest common factor of o and 87.
3
Suppose -150*d + 146*d = -216. Calculate the greatest common divisor of d and 189.
27
Let v be 688/(-20)*10/(-4). Suppose 138 = -5*k + 2*p - 8, 3*k - 2*p = -v. Let u be (-10)/8*(6 + k). What is the greatest common divisor of 75 and u?
15
Let x = -477 - -543. What is the highest common factor of 495 and x?
33
Let b(r) = 7*r**2 - 21*r + 23. Let u be b(-7). What is the highest common factor of 54 and u?
27
Let u = 66 + -40. Let g be (1 - u)/(9 - 10). Let k = g + -1. Calculate the greatest common factor of 192 and k.
24
Let f(d) = -2*d**2 + 8*d + 46. Let o be f(7). Let j = -28 + 48. Suppose 0*v - j = -v. What is the highest common factor of v and o?
4
Suppose -11*r + 23*r - 120 = 0. Calculate the highest common factor of 80 and r.
10
Let u be 3 + 0 + (5 - 3)*10. Calculate the greatest common factor of u and 115.
23
Suppose 5*j = -3*m + 17, -5*m = j - 3 + 4. Let r(i) = 3*i**2 + i. Let g be r(m). Calculate the highest common divisor of 10 and g.
2
Suppose 25 - 245 = -z + 2*v, 2*v = 3*z - 640. Let y be 90/3 + 0/(-1). Calculate the greatest common factor of y and z.
30
Suppose -5*u + 1234 = 5*h - 2021, h - 651 = -5*u. Calculate the greatest common divisor of h and 42.
21
Let c(f) = 2*f**3 - 31*f**2 + 17*f + 40. Let d be c(16). Calculate the greatest common factor of 71 and d.
71
Let t(w) = -5*w + 4. Let c be t(-4). Let n = -61 + 73. What is the greatest common divisor of c and n?
12
Let s(q) = 38*q - 20. Let l be s(3). Calculate the highest common factor of 282 and l.
94
Suppose 1 = i - 2. Suppose 0 = i*z + 20 + 7. Let b = 5 - z. Calculate the highest common factor of 35 and b.
7
Suppose 2*h + 3*r + 3 = 0, 2*h - 4*r = 4*h + 6. Suppose -60 = -h*i - 6. Let d be (16/(-12))/((-3)/i). What is the highest common divisor of 24 and d?
8
Suppose 11*c = 16*c - 4*y - 1824, 2*y + 1096 = 3*c. What is the greatest common divisor of c and 23?
23
Let j(r) = r**3 + 3*r**2 - r + 15. Let x be j(0). What is the greatest common divisor of 6 and x?
3
Suppose 24 = -v + 3*a + 81, 3*a = -4*v + 303. Calculate the greatest common divisor of v and 1944.
72
Suppose 6*h = 5*h + 22. Let b(g) = 38*g**2 - 4*g - 6. Let i be b(-2). Calculate the greatest common divisor of i and h.
22
Let i(o) = -16*o + 40. Let q be i(-5). Calculate the greatest common factor of 168 and q.
24
Let x = 2171 - 2157. Calculate the greatest common divisor of x and 2562.
14
Suppose -257 = -3*w - 80. Calculate the highest common divisor of 59 and w.
59
Let c be (-1)/(-3) + (-488)/(-12). Let z = 116 - c. Calculate the highest common factor of 25 and z.
25
Let q be (-24)/16 + (-294)/(-12). Calculate the greatest common factor of 2047 and q.
23
Let h(s) = 2*s + 48. Let n be h(-22). Let j be 8/12 - n/(-12). Let r be ((-30)/21)/((-2)/14). What is the greatest common divisor of r and j?
1
Suppose -4*a + 32*h + 1080 = 28*h, 4*a + 5*h = 1062. What is the greatest common factor of a and 12?
4
Let s(w) = 17*w**2. Suppose -9*a - 7 = -2*a. Let y be s(a). What is the highest common factor of y and 85?
17
Let o(u) = -u**2 + 33*u - 41. Let d be o(19). What is the greatest common divisor of d and 25?
25
Let w = 59 + -50. Suppose 27 + w = 6*z. Calculate the greatest common factor of z and 6.
6
Suppose -4*o + 5 = -2*s + 1, 2*o - 2*s + 2 = 0. Suppose -92 = -4*h - 3*k - 32, 0 = -2*h - o*k + 36. Calculate the highest common factor of h and 12.
12
Let o = 6 + -3. Let r = 54 - 18. Suppose -2*b = 6 - r. What is the highest common divisor of o and b?
3
Let a(m) = -3*m + 25. Let v be a(9). Let n be 1/(3/60)*(-3)/v. What is the highest common factor of 20 and n?
10
Let y be 2942/15 + (-66)/495. Let o(k) = k**3 - 12*k**2 + 13*k + 6. Let n be o(11). Calculate the highest common factor of n and y.
28
Let l(i) be the first derivative of -i**3/3 + 9*i**2/2 + 16*i + 5. Let q be l(8). What is the highest common divisor of 60 and q?
12
Let b(i) = -i**2 + i + 5. Let f be b(0). Suppose 1 = -2*d + v + 5, 0 = f*d + 2*v - 10. Suppose 795*t = 797*t - 16. What is the highest common factor of d and t?
2
Let s(c) = c**2 + 19*c - 778. Let v be s(-40). Suppose 2*i - 5*u - 1113 = -6*u, i + 5*u - 543 = 0. Calculate the highest common divisor of v and i.
62
Suppose 0 = -3*p + 16 + 11. Suppose x = p + 5. What is the highest common divisor of 28 and x?
14
Let h be (-12 - -8) + 166/2. Let b = h - 55. Calculate the highest common factor of b and 36.
12
Let t = 133 + -58. What is the highest common factor of t and 60?
15
Let w(d) = -2*d + 175. Let b be w(50). Calculate the greatest common factor of 1 and b.
1
Suppose 56 - 16 = 4*b. Let n be (87/58)/((-6)/(-40)). What is the greatest common factor of b and n?
10
Suppose 2*h = -2*g + 8, h = 2*h - 5*g + 2. Suppose y - 118 = h*m, -3*y + 154 = -2*m - 235. Calculate the greatest common divisor of y and 19.
19
Let g be 1*-1*(-13 - -5). Let l be (g/10)/((-3)/(-120)). Suppose 0*r = -3*a + 4*r + l, -5*a + 65 = 5*r. What is 